ve w(13).
28
Let l(u) = 2*u - 4. Let p(j) be the first derivative of -j**2/2 + 234. Let d(o) = l(o) + 3*p(o). Calculate d(-4).
0
Suppose -2*u + 60 = 4*u. Let o(d) = d - 5. Determine o(u).
5
Suppose -9*f = -4*f - 2*k - 17, 3*f + 4*k - 5 = 0. Let c(a) = -2*a + 6*a + 5 + 2*a**3 - 6*a - f*a**3 - 6*a**2. Let x be 1*(-2)/(-3)*-9. Give c(x).
17
Let v(u) = u**2 + 11*u - 39. Let k be v(-13). Let b(r) = 6*r + 87. Let d be b(k). Let n(f) = f - 6. What is n(d)?
3
Let x(i) = -2*i - 4. Let f be x(-3). Let y(n) = 24 + n - 5 - 10 - f*n. Suppose m = 0, m = 4*w - m - 32. Determine y(w).
1
Suppose -20*x + 2178 + 1182 = 0. Let p(v) = x*v - 9 + 17 - 170*v. Calculate p(8).
-8
Let l = -5 + 8. Let y(o) = 3*o - l*o + o. Suppose -171741*c + 171655*c - 258 = 0. Determine y(c).
-3
Let v = -2748 - -2743. Let u(n) = 5*n**2 + 22*n - 12. Calculate u(v).
3
Suppose 0 = -188*x + 191*x - 6. Let c(p) = -5*p**x - 100*p + 1 + 53*p + 48*p. Suppose 3*a + 10 = -2*a. Calculate c(a).
-21
Let k(m) = 5*m**3 + 2*m**2 + m - 7. Let n(p) = -6*p**3 - p**2 + 8. Suppose 2*w - j = 9, 3*j - 7*j + 14 = 2*w. Let i(u) = w*k(u) + 4*n(u). Calculate i(-4).
9
Let d(f) = -4*f**3 + 3*f**2 - 3*f + 1. Suppose 3*u - 96 = -w, -3*u + 8*u = -5*w + 170. Suppose 0 = -9*g + u - 13. What is d(g)?
-25
Let b(k) = k**2 + 136*k + 532. Let v be b(-4). Let p(t) = 10*t - 21. Give p(v).
19
Suppose 9*c = -5*t + 10*c + 12, -t = c. Suppose 2*n + 2*n - 16 = 0. Let z(x) = 2*x**2 - n - 4*x - 4*x**2 + 9 - t*x**2 + x**3. Give z(4).
-11
Let i(x) = 9 + 24*x + 29*x - 50*x. Let d(v) = 2*v**2 - 16*v + 10. Let n be d(7). Give i(n).
-3
Let i(j) = 3*j - 39. Let r be 15/10*42/(-5)*(-80)/144. What is i(r)?
-18
Let u be 48/18*((-44)/16 + 2/(-8)). Let x(g) = g**3 + 8*g**2 - 5. What is x(u)?
-5
Let c(u) = 11*u**3 + 15*u**2 - 8*u + 15. Let y(w) = -8*w**3 - 13*w**2 + 8*w - 13. Let m(d) = -3*c(d) - 4*y(d). Calculate m(5).
17
Let z = -14 + 18. Let w be 7*(55/44)/((-1)/z). Let a = -41 - w. Let m(b) = -b**2 - 6*b - 4. Calculate m(a).
-4
Let r(n) = 3*n - 7. Let k(l) = -5*l + 13. Let t(i) = -4*k(i) - 7*r(i). Let z = 6 - 8. Let y be (4/z)/((-2)/(-8)). Calculate t(y).
5
Suppose 5*j + p - 2129 = 0, -4*j - 19*p = -22*p - 1688. Let o = 426 - j. Let x(h) = -6*h**3 - h**2 + 2*h - 2. Determine x(o).
-7
Let z = -17036 - -17072. Let t(b) be the first derivative of z - 5*b - 5/2*b**2. Determine t(-4).
15
Let c be -4*(2 + 104/16 + -8). Let w(j) = -5*j**3 - j**2 + 3*j + 5. Determine w(c).
35
Let v = -16056 - -16058. Let m(x) = -3*x**3 + 3*x**2 + x - 9. Determine m(v).
-19
Suppose 5*c - 6*c + 4*k = 133, -3*c = 4*k + 447. Let p = -146 - c. Let f(t) = -6*t - 2*t - 4 + 3. Calculate f(p).
7
Suppose 5*z - 25 = 3*l + 2*l, 5*l + 13 = z. Suppose 5*d - 18 = z*y, -7*d + y + 16 = -2*d. Let t(g) = 2*g**2 - d - 5*g**2 + 4*g**2 + 0*g**2 - 8*g. Give t(6).
-15
Let y(x) = -11587 - 21*x + 23056 + x**2 - 11525. What is y(23)?
-10
Let j(t) = 124*t - 739. Let z be j(6). Let b(c) = c**3 - 14*c + 12. Determine b(z).
67
Suppose -f + 2*p + 80 = 0, -2*f - f + 3*p + 243 = 0. Let u = -81 + f. Let v(x) = 6*x**2 + 1. What is v(u)?
7
Let h(q) = 2*q**3 - 124*q**2 - 125*q - 70. Let y be h(63). Let l(x) = -8*x. What is l(y)?
56
Let f(y) be the third derivative of -y**4/12 + 17*y**3/3 - 8*y**2 + 6*y + 23. Suppose -2*t + 36 = -0*t. Determine f(t).
-2
Let p(h) = -h**2 - 7*h - 4. Let u(f) = -2*f - 1. Let c(g) = 2*p(g) - 7*u(g). Let m(o) = -2 - 10*o - 10*o + 109 - 8. Let t be m(5). Calculate c(t).
-3
Let g(z) = 14*z**2 + 59*z + 15. Let l(d) = -7*d**2 - 33*d - 6. Let h(m) = 2*g(m) + 5*l(m). What is h(-7)?
-14
Let x be -1 - ((-2)/(-8) + (-17)/4). Let u(b) = 0*b**3 - 8 + b**x - 3 - b**2 + 12. Give u(1).
1
Let a(n) = -4*n + 2*n + 4*n. Let z = -280 - -284. Suppose 5*c = 5*f + 10, 12 = -0*c + c + z*f. Give a(c).
8
Suppose 5*c - 3*n - 13 = 0, c + 2*n - 8 = -4*c. Let g(q) = -q + 7 + q**3 + 6 - 14 - q**c + 0. What is g(-1)?
-2
Let j(r) = -7*r**2 - 9*r - 52. Let u(n) = 13*n**2 + 20*n + 100. Let p(a) = -11*j(a) - 6*u(a). What is p(-19)?
10
Suppose 0 = 2*s + 6*k - 7*k + 33, 15*s + 5*k + 310 = 0. Let l(x) = 50*x + 956. Calculate l(s).
6
Let m(s) be the third derivative of -s**6/360 + 13*s**5/120 - 37*s**3/2 + 44*s**2. Let y(i) be the first derivative of m(i). Calculate y(7).
42
Let v(q) = 5 + 5 + 19*q**2 - 4 + 27*q - 29*q - 21*q**2. Calculate v(-6).
-54
Let g(j) = 5 + j - 5 + 3 + 3. Let o(h) be the third derivative of h**5/60 + h**4/8 - 49*h**3/6 - 36*h**2 - 2*h. Let k be o(-9). Determine g(k).
11
Let k(w) = w**2 - w + 1. Let o(l) = -2 - 2*l**2 + 7*l**2 + 1 + 12 - 7*l. Let b(p) = -6*k(p) + o(p). Let s be (-2)/(-5) + 27/(-5). What is b(s)?
-15
Let j(n) = 2*n - 31. Let f = 8830 - 8812. Determine j(f).
5
Let o(h) be the second derivative of -h**4/2 + 19*h**3/2 - 27*h**2/2 - 2*h + 1412. Give o(9).
0
Let o(x) = -4*x. Let p be o(-1). Let h(z) be the second derivative of 0 + 1/20*z**5 + 0*z**3 - 1/3*z**4 - 36*z - 5/2*z**2. What is h(p)?
-5
Let i(l) be the first derivative of l**3/3 + 3*l**2 + 3*l - 893. Calculate i(0).
3
Let n be 17/(-136)*-8*(-1 + -18). Let v(q) = q**3 + 20*q**2 + 19*q + 6. Calculate v(n).
6
Let c = -7650 - -7661. Let b(y) be the first derivative of 1/2*y**2 - 16 - c*y. Determine b(6).
-5
Let o(u) = 2*u**3 + 2*u**2 - 8*u - 15. Let g be o(-2). Let w(h) = h**3 + 8*h**2 + 2*h - 7. Give w(g).
28
Let l be ((-530)/15)/(-4 - 116/(-30)). Let t = l + -265. Let a(m) = m. Give a(t).
0
Suppose 0 = -3*j + d + 3, -13 = 2*j + d - 20. Let t(u) = -2215*u**2 + 13*u + 2214*u**j + 11 + 5. Determine t(12).
28
Let y(q) = -6*q**3 - 62*q**2 + 40*q - 136. Let x(l) = -l**3 - 12*l**2 + 8*l - 26. Let k(w) = 11*x(w) - 2*y(w). Give k(7).
-7
Suppose -2*x = -4*a + 28, -a - 4*x = -257 + 259. Let t(r) = -r**3 + 4*r**2 + 11*r - 20. Determine t(a).
-26
Let d be (-2)/(-6) + 120/18. Suppose 5 = 4*w + 4*h - 27, -4*h = 2*w - 16. Let j(a) = 4 - 15 - a**2 + 9 + w*a. Determine j(d).
5
Let f = 98 - 105. Let y(h) be the third derivative of -h**4/24 - 4*h**3/3 - 32*h**2. What is y(f)?
-1
Suppose 3 = j - 3. Let t be (31 - 12)*6/6. Suppose -l - t = -i - j*l, 2 = 2*i - 2*l. Let b(f) = f**3 - 4*f**2 - 2*f - 4. Give b(i).
-12
Let m(n) = -30*n + 43. Suppose 5*u - 1 - 11 = -2. Give m(u).
-17
Suppose 18*t + 5 = i + 19*t, 5*t - 29 = -i. Let l(j) = -135*j**3 + 1. Give l(i).
136
Suppose -4*a = 2*y + 327 - 351, 4*y = -4*a + 32. Let v(u) = 3*u**2 - 42*u + 113. Give v(y).
-7
Let l(c) = 337*c**2 - 29*c + 11. Let j(r) = 202*r**2 - 15*r + 6. Let h(x) = 5*j(x) - 3*l(x). Let k(u) = 11*u**2 + u + 1. Let z be k(-1). Calculate h(z).
8
Let x be 1/(78/(-36) - -2) - -2. Let b(n) = -n**3 - 5*n**2 + 5*n + 11. Determine b(x).
-25
Let y(b) = 17*b + 45. Let c be y(-2). Let d(g) = 1 - 7*g + c*g**3 + 3 - 2*g**2 - 10*g**3 + 10 + 9*g**2. Calculate d(-8).
6
Suppose 168*o - 968 = -71*o + 944. Let x(n) = n**2 - 10*n + 17. Calculate x(o).
1
Let y = 265/19 + -776/57. Let s(t) be the first derivative of -y*t**3 - 7*t + 1/2*t**2 + 1/4*t**4 + 13. Calculate s(0).
-7
Suppose 0 = 704*l - 710*l + 48. Let r(p) = 0*p + 10 - 8*p + 9*p**2 - p**3 + 0*p**3. What is r(l)?
10
Let i = -3817 - -3826. Let v(o) = 2*o**2 - 16*o - 21. Determine v(i).
-3
Let r(y) = y - 13. Let c(p) = 25*p + 145. Let s be c(-6). Let q(t) = 8. Let k(l) = s*q(l) - 3*r(l). Let f = 4 + -3. Calculate k(f).
-4
Let y(f) be the first derivative of -f**3/3 - 4*f**2 + 6*f - 67. Let z = -919 - -913. Determine y(z).
18
Let d(p) be the second derivative of p**3/3 + p**2 + 2*p. Let a be 736/6 - (-2 + 32/12). Let w = a - 119. Calculate d(w).
8
Let m(h) = -1136*h + 2254*h - 1110*h + 6. Give m(-3).
-18
Let g(f) be the first derivative of f**3/3 + 5*f**2 - 10*f - 4633. Determine g(-6).
-34
Let d(f) be the second derivative of f**3 + 65*f**2 + 1117*f. Determine d(-21).
4
Suppose 51*c + 29*c + 30*c = 660. Let s(u) = -34*u + 214. Calculate s(c).
10
Let t(b) be the first derivative of 1/4*b**4 - 21*b + 5*b**3 - 1/2*b**2 + 26. Determine t(-15).
-6
Let b = 5964 + -5961. Let u(c) = -c**3 + 3*c**2 - c + 1. Calculate u(b).
-2
Let s(l) = 3*l**2 - l. Let y = 310 - 186. Let w = 123 - y. Give s(w).
4
Let a(y) = y**2 - 57*y + 12 + 17*y + 75 + 36. Determine a(37).
12
Suppose 4*y + 42 = 3*r, r + 8 - 2 = -2*y. Let m(g) = -16*g + 91. What is m(r)?
-5
Let j = 228 + -225. Let n(z) = 8*z**2 - 36*z - 4 + 18*z + z**j + 12*z. Calculate n(-8).
44
Let u(d) = 181 - 24